(-1 - 2)?
7
What is the value of (-1 - (12 + -6)) + 5?
-2
What is the value of (2 - 1) + (2 - 5)?
-2
What is 22 + -16 + -5 + 2?
3
Evaluate 1 + -4 + 4 + -3.
-2
What is 13 + -5 + 0 - 5?
3
What is the value of 2 + 0 - (2 - (-3 + 2))?
-1
What is the value of (15 - 7) + -19 - (-2 - 2)?
-7
What is -3 + (-2 - -4 - 1)?
-2
Calculate -118 - -104 - (-1 - 11).
-2
What is the value of -23 + 25 + (0 - 5 - 1)?
-4
What is -38 + 40 - (-2 - 2)?
6
Calculate -1 + -5 + 0 + 0 + 2.
-4
-7 + 4 + -1 + -1 - -3
-2
Calculate -9 - (4 + (4 - (12 - 4))).
-9
What is (6 - 8) + 13 + 1 + -5?
7
Calculate 8 + -5 + (-3 - (-2 - 0)).
2
What is -5 + 4 + -7 - -4?
-4
What is -5 + (1 - -7) + -13?
-10
What is the value of -3 + (3 - 4) - -4 - 4?
-4
3 - ((2 - (6 + -8)) + -3)
2
What is 8 - (4 + 7) - 0?
-3
What is 5 + 0 + -13 + 5?
-3
What is the value of 2 + 0 + (-1 - -1)?
2
Evaluate 23 + -21 - ((4 - 4) + -6).
8
Evaluate 3 - (6 + (13 - 7)).
-9
What is (-10 - (1 + -7)) + 6?
2
Evaluate (-6 - 1) + 9 + (10 - 8).
4
Calculate -7 - (-7 + -2 + -1).
3
What is (2 - (-1 + 2)) + -4?
-3
What is -13 + 25 + -14 - (0 + -1)?
-1
Calculate 6 - (6 + -6 + 5).
1
Evaluate 1 - -1 - (-2 + -1).
5
Evaluate -14 + (20 - 9) + -2.
-5
What is -2 + (7 - -3 - 3)?
5
Calculate (3 - (6 - -2)) + 7.
2
(1 - -1) + (8 - (-8 + 21))
-3
What is the value of -6 - (6 + -1 + -5 - 0)?
-6
-2 + 9 + -18 + 11
0
What is the value of -3 + -1 + 1 - -4 - -2?
3
Calculate (-6 - -3 - (-17 - -10)) + 0.
4
-9 + (0 + 0 - (-85 + 86))
-10
What is 1 - (-2 + 3) - (-7 - -6)?
1
What is 3 - (2 - 2) - 2 - 4?
-3
Calculate -2 + -5 + 6 + -1 - 8.
-10
Calculate 2 - (0 + -1 + 8).
-5
What is the value of (-3 - (-6 + 4)) + 6?
5
Calculate (2 - 3) + -65 + 68.
2
Calculate 0 + (6 - 6) + -6.
-6
Calculate -9 - (-5 - 0 - 13).
9
Calculate 12 + (3 + -8 - (-12 + 10)).
9
What is 3 + (4 + -5 - 1)?
1
What is 2 + -11 + 60 + -61?
-10
What is the value of 5 - (12 + -1) - 1 - -2?
-5
What is (3 + -3 - 4) + 5 + -4?
-3
What is the value of (-2 - 2) + 9 + 0?
5
Evaluate -1 + 3 + -3 - (-3 - -8).
-6
0 + (3 - (7 - 6))
2
(-1 - -4) + 0 + 3 + -4
2
What is 3 + -1 - (-6 + -5 + 15)?
-2
Calculate (1 + (-4 - 1) - -3) + 5.
4
What is 2 + -4 + 1 - (-5 + 2)?
2
Calculate -4 + 0 - (9 + -11 + -6).
4
Evaluate (2 + 0 - 1) + 2.
3
What is -3 + (8 + 0 - (-20 + 20))?
5
Evaluate 0 - 1 - (-4 - (-1 - -1)).
3
Evaluate 9 + -7 - (5 - 0).
-3
What is the value of -7 - (-5 - (-3 + 3 + -4))?
-6
What is the value of -14 + -10 + 9 + 11?
-4
Evaluate -1 + -5 - (-138 + 126).
6
Calculate 1 + 1 + 2 + (-1 - -2).
5
Calculate (20 - 13) + -9 - -5.
3
Evaluate -10 + (-9 - -9 - -5).
-5
Calculate (-4 - 5) + (9 - 4).
-4
Evaluate (-17 - -6) + (0 + 3 - -2).
-6
What is -1 + -1 + (-11 - -16)?
3
What is -2 + (-1 - -7) + (-1 - 7)?
-4
What is the value of 2 - -2 - 8 - -3?
-1
Evaluate 1 - (-3 + 2 - -4) - -7.
5
(0 - 1) + -2 + -4 + 8
1
-3 - ((3 - -2) + 8 + -17)
1
Evaluate -5 + 5 + 2 + (3 - 4).
1
(1 - -3) + (20 - 25)
-1
What is the value of (-7 - (3 - 5)) + 4?
-1
Calculate -5 - (3 - (-3 - -9)) - -7.
5
Evaluate (1 - -4) + (-43 - -40).
2
Evaluate -1 + (1 - 1 - (2 + -2)).
-1
What is the value of (4 - 0) + (51 - 50)?
5
15 + -16 + (-2 - 1) + 2
-2
Evaluate -1 + 4 + (-92 - -97).
8
Evaluate 5 + (-7 - (2 + (7 - 6))).
-5
Evaluate -2 - (2 - (1 + 7)).
4
Evaluate -8 + 20 + (-7 - -1).
6
Evaluate 6 + -4 + -7 + 2.
-3
Calculate (2 - 0) + (22 - 28).
-4
What is the value of 4 + -6 + (1 - -1)?
0
Calculate 0 + (6 - (5 + -4)) - 11.
-6
Calculate 6 + (1 - 4) - (1 - -1).
1
What is the value of 5 - (2 + (3 - -1) + 1)?
-2
(5 - (4 + -5)) + -8
-2
-6 + (-4 - -10 - 3)
-3
What is -2 + (13 - 4) - (1 - -1)?
5
Evaluate 1 + -9 - (-28 + 25).
-5
Calculate 15 + -15 + -7 + 1.
-6
What is 9 + -6 + 2 + 0?
5
Calculate -7 - -1 - ((-1 - -3) + -2).
-6
Evaluate -4 + -1 - (4 + (1 - 5)).
-5
Calculate (-1 - 0) + (-2 - -4) + -4.
-3
What is the value of (2 - -2) + (3 + -10 - -5)?
2
What is the value of 0 - ((-2 - 0 - 2) + 2)?
2
Calculate -3 - ((8 - 2) + -3).
-6
Calculate (0 + -9 - 3) + 7.
-5
What is -3 - (-2 - 0 - 3) - 4?
-2
What is the value of -11 - (-20 - -6) - (0 - 0)?
3
What is -2 + (3 - 3 - -1)?
-1
What is the value of (0 - (6 - -2 - 4)) + -1?
-5
(3 - 0) + -5 + 4
2
0 + -11 - -1 - -7
-3
What is the value of (6 - (-1 - -5)) + (0 - -5)?
7
Evaluate (-11 - (-2 - -1 - 5)) + 1.
-4
Evaluate -1 + -1 + -2 + 0 + 7.
3
What is the value of (1 - 3) + (-1 - (-2 - -1))?
-2
What is 0 + -1 + 3 - 3?
-1
What is the value of -6 - (0 + -7 + 0)?
1
Evaluate -6 - ((4 - 15) + 4) - -8.
9
What is (1 + 14 - 3) + -9?
3
What is the value of -6 - (-5 - (-10 + 4))?
-7
Calculate (0 - (1 + 2)) + 4 - 1.
0
Evaluate (-6 - (5 + -10)) + 3.
2
-11 + 19 + -3 + -1
4
What is (-3 - (5 - 2)) + 4?
-2
Calculate 3 + 2 + (4 - 9).
0
What is (0 - 1) + -2 + (44 - 42)?
-1
What is the value of (4 - (5 - -1)) + -7 + 7?
-2
What is (-11 + 4 - -1) + -4 + 2?
-8
Calculate 7 - (2 - -4) - 0.
1
What is 0 - (-6 + 6 + -3 + 1)?
2
What is -1 + -4 + 10 + -7 + -3?
-5
What is the value of -1 + 0 + (1 - 0) + 1?
1
Calculate -4 + -5 + 11 + -6.
-4
Evaluate 10 + -7 + -1 + 1 + 0.
3
Evaluate 0 + -6 - (-12 + 4).
2
Evaluate -5 + 17 + -6 + -4 + 1.
3
Evaluate -1 + -1 + (0 - 4).
-6
Evaluate 0 + -1 + 8 - (21 - 18).
4
What is the value of 1 + -1 + -3 + -2?
-5
What is (-1 - 2) + 25 + -25?
-3
-1 - (2 + -4 - 1 - -1)
1
Evaluate -2 + 5 + 3 + -7 + -8.
-9
Evaluate -3 + -3 - (2 + -4).
-4
What is the value of (-8 - -23) + (2 - 8) + -2?
7
What is the value of -9 - (10 - (26 + -8))?
-1
What is the value of (0 - -3) + (-10 - (10 - 19))?
2
Calculate (13 - 7) + -3 - (1 + -1).
3
What is the value of 25 + -36 - (-1 - 7)?
-3
Calculate -1 + (-5 - -6) + 2.
2
Evaluate 9 + -9 + (-6 - (-5 + 1)).
-2
Calculate (6 - -1) + 1 + (32 - 33).
7
Evaluate (-18 - 8) + 16 + -1 + 1.
-10
-82 - -74 - (-1 - 2)
-5
2 - (-2 - 1 - -2) - 1
2
-16 - ((-3 - 0) + -5)
-8
Evaluate (-3 - (4 - 8)) + -7.
-6
Evaluate (3 - 1 - 3) + -6 + 2.
-5
Calculate -3 + (8 - 3) + -4.
-2
2 + 8 + 1 + (-92 - -89)
8
What is the value of (-10 - -29 - 2) + -10?
7
What is the value of -3 - ((-7 - -6) + -13)?
11
2 + (-5 - 1) + -1 - -4
-1
-5 + 0 + 0 - (-3 + 1)
-3
What is 5 + (-10 + 5 - 5)?
-5
Evaluate -17 + 11 + (-2 - -3).
-5
What is (7 - (-2 - -10)) + (-6 - -2)?
-5
Evaluate (1 - 2) + (1 - (10 - 7)).
-3
What is the value of -2 - (-3 - (0 + 1 + 3))?
5
Evaluate 7 - (-6 + -2 + 14).
1
Evaluate 5 + (2 - 6 - -2).
3
What is -5 + 4 + -4 + 0?
-5
Evaluate (-6 - -21 - 7) + -10.
-2
Calculate -21 + 25 + (0 - 2) + -2.
0
What is 1 - -1 - (-11 + 12)?
1
What is the value of -5 - (4 + -7) - (-15 + 4)?
9
Evaluate (-1 + -1 - 3) + 3.
-2
What is -6 + 2 - (5 + -4)?
-5
Evaluate (-1 - 5) + 11 + -3 + 2.
4
What is the value of -38 - -28 - (0 + -18)?
8
What is 4 + -1 + (4 - 9)?
-2
Calculate 2 + 6 + -2 + -7 - -9.
8
Calculate (10 - 8) + (-4 - -1).
-1
Evaluate -2 - (1 + 3 + (-4 - -2)).
-4
Evaluate -1 + -5 + 4 + 4.
2
Calculate 0 - (-8 - -19 - 12).
1
Evaluate (-5 - -7 - (-1 + 2)) + 6.
7
Calculate -10 - (6 + (-16 - -4)).
-4
(-14 - -1) + (-8 - (-8 - 5))
-8
Evaluate 1 + -9 + 16 + -1.
7
What is 5 - (3 + (1 - 4))?
5
What is the value of -7 - -8 - -13 - 10?
4
What is 1 + 0 + -1 + -4?
-4
Calculate (-29 - -30) + (-6 - -1).
-4
What is the value of -7 + 8 + -3 + 2 + 2?
2
Evaluate -4 - ((-3 - -1) + 1).
-3
11 + -6 + -4 + 7 + -3
5
What is the value of 5 - 6 - 3 - 0?
-4
Evaluate 9 + (-2 - (22 + -7)).
-8
Evaluate (-6 + 7 - 7) + 8.
2
Calculate 1 + (-1 - (-2 + 6)).
-4
What is the value of (-2 - 3 - -11) + -5 + 1?
2
Evaluate -8 - (-2 + 11 + -9).
-8
What is the value of (-16 - -12) + (0 + 2 - 3)?
-5
What is the value of -15 + (8 - -3) + -5?
-9
What is the value of -16 - -4 - (-26 - -14)?
0
-1 + 6 - (-46 - -54)
-3
Evaluate 1 - (5 - (-5 + 6)).
-3
Calculate 3 + -4 + (4 - 1 - 4).
-2
What is the value of (-30 + 34 - (-2 - 0)) + -4?
2
What is the value of (-7 - -6) + 0 + -3?
-4
Calculate (-6 - (-5 - (-1 - 1))) + 7.
4
Calculate 0 + 3 + (4 + -2 - 5).
0
What is the value of (4 - 6) + 3 + -1?
0
Evaluate -11 + -1 + 4 + 3 + -2.
-7
Evaluate 8 + 2 + 0 + -5.
5
0 + -2 + -17 + 20
1
What is -11 + (-4 - (-4 + -9))?
-2
What is the value of 2 - (3 + (-1 - -3 - 8))?
5
Evaluate -3 - (-4 - -3) - (0 - 5).
3
What is the value of (5 - 6) + (2 - (5 - 2))?
-2
Evaluate 2 + 1 - (5 + -6 + 4).
0
Calculate 22 + 5 + -11 + -12.
4
Calculate -6 - (5 + -1 + 4 + -9).
-5
Evaluate (0 - 0) + -6 + 7 - 3.
-2
Calculate -4 + (3 - 3) - (0 + -3).
-1
Ca